{"id":481,"date":"2025-06-27T03:41:03","date_gmt":"2025-06-27T03:41:03","guid":{"rendered":"http:\/\/corporativoger.com\/?page_id=481"},"modified":"2025-06-27T03:41:03","modified_gmt":"2025-06-27T03:41:03","slug":"aycr","status":"publish","type":"page","link":"http:\/\/corporativoger.com\/index.php\/aycr\/","title":{"rendered":"AyCR"},"content":{"rendered":"<p>[vc_row content_placement=&#8221;middle&#8221; el_class=&#8221;cover-interior&#8221; css=&#8221;.vc_custom_1616987292081{background-image: url(http:\/\/corporativoger.com\/wp-content\/uploads\/2025\/06\/aycr1.jpg) !important;background-position: center !important;background-repeat: no-repeat !important;background-size: cover !important;}&#8221;][vc_column][vc_column_text]<\/p>\n<h1 style=\"text-align: center;\"><strong>Comercializadora AyCR<\/strong><\/h1>\n<p>[\/vc_column_text][\/vc_column][\/vc_row][vc_row el_class=&#8221;container&#8221;][vc_column offset=&#8221;vc_col-md-7&#8243;][vc_column_text]Comercializadora AyCR una empresa 100% juarense dedica a la renta y venta de productos 100% ecol\u00f3gicos con los mas altos est\u00e1ndares de calidad, contamos con una amplia experiencia en la renta de equipos industriales como montacargas, gruas de alto tonelaje, tractocamiones, etc.<\/p>\n<p>[\/vc_column_text][vc_column_text css=&#8221;.vc_custom_1609737241446{padding-top: 45px !important;padding-bottom: 45px !important;background-image: url(http:\/\/corporativoger.com\/wp-content\/uploads\/2025\/06\/aycr2.jpg) !important;background-position: center !important;background-repeat: no-repeat !important;background-size: cover !important;}&#8221;]<!-- Button trigger modal --><br \/>\n<button class=\"btn\" type=\"button\" data-toggle=\"modal\" data-target=\"#myModal\"><br \/>\n<img decoding=\"async\" src=\"http:\/\/corporativoger.com\/\/wp-content\/uploads\/2020\/11\/play_Index.png\" \/><br \/>\n<\/button><\/p>\n<p><!-- Modal --><\/p>\n<div id=\"myModal\" class=\"modal fade\" tabindex=\"-1\" role=\"dialog\" aria-labelledby=\"myModalLabel\">\n<div class=\"modal-dialog\" role=\"document\">\n<div class=\"modal-content\">\n<div class=\"modal-header\">\n<p><button class=\"close\" type=\"button\" data-dismiss=\"modal\" aria-label=\"Close\"><span aria-hidden=\"true\">\u00d7<\/span><\/button><\/p>\n<h4 id=\"myModalLabel\" class=\"modal-title\">Modal title<\/h4>\n<\/div>\n<div class=\"modal-body\">video Pr\u00f3ximamente<\/div>\n<\/div>\n<\/div>\n<\/div>\n<p>[\/vc_column_text][vc_column_text]Dentro de nuestro catalogo de servicios tambi\u00e9n contamos con el reciclado de productos como lo es pl\u00e1stico y cart\u00f3n, el cual se maneja de acuerdo a las disposiciones marcadas para las mismas, de igual manera la venta de cart\u00f3n y papel tipo Kraft en sus diferentes presentaci\u00f3n y gramajes es algo que caracteriza a nuestra compa\u00f1\u00eda para darle los mejores productos a nuestros clientes de una forma seguro y justo a tiempo.<br \/>\n[\/vc_column_text][vc_row_inner el_class=&#8221;servicios-list&#8221;][vc_column_inner width=&#8221;1\/2&#8243;][vc_column_text css=&#8221;.vc_custom_1613726244479{background-color: #f1f2f2 !important;}&#8221;]<img decoding=\"async\" class=\"alignnone size-full wp-image-275\" src=\"https:\/\/corporativoger.com\/wp-content\/uploads\/2021\/02\/alas-01.png\" alt=\"\" \/><\/p>\n<h4 class=\"titl-s\">Renta de Maquinaria<\/h4>\n<p>Somos un empresa que contamos con diferente maquinaria para renta por hora o meses, adapt\u00e1ndonos a la necesidades de nuestros clientes.[\/vc_column_text][\/vc_column_inner][vc_column_inner width=&#8221;1\/2&#8243;][vc_column_text css=&#8221;.vc_custom_1613726256809{background-color: #f1f2f2 !important;}&#8221;]<img decoding=\"async\" class=\"alignnone size-full wp-image-275\" src=\"https:\/\/corporativoger.com\/wp-content\/uploads\/2021\/02\/alas-02.png\" alt=\"\" \/><\/p>\n<h4 class=\"titl-s\">Reciclado<\/h4>\n<p>Comprometidos con el medio ambiente trabajamos en reciclar cart\u00f3n y pl\u00e1stico para disponer del material en el lugar correcto y con toda la seguridad necesaria.[\/vc_column_text][\/vc_column_inner][\/vc_row_inner][vc_row_inner el_class=&#8221;servicios-list&#8221;][vc_column_inner width=&#8221;1\/2&#8243;][vc_column_text css=&#8221;.vc_custom_1613726274598{background-color: #f1f2f2 !important;}&#8221;]<img decoding=\"async\" class=\"alignnone size-full wp-image-275\" src=\"https:\/\/corporativoger.com\/wp-content\/uploads\/2021\/02\/alas-03.png\" alt=\"\" \/><\/p>\n<h4 class=\"titl-s\">Comercializadora de Cart\u00f3n<\/h4>\n<p>La comercializaci\u00f3n del cart\u00f3n es algo que nuestra organizaci\u00f3n maneja con todos los est\u00e1ndares de calidad para que el producto con su espesor y grame sea siempre lo que el cliente necesite<br \/>\n[\/vc_column_text][\/vc_column_inner][vc_column_inner width=&#8221;1\/2&#8243;][vc_column_text css=&#8221;.vc_custom_1613726288583{background-color: #f1f2f2 !important;}&#8221;]<img decoding=\"async\" class=\"alignnone size-full wp-image-275\" src=\"https:\/\/corporativoger.com\/wp-content\/uploads\/2021\/02\/alas-04.png\" alt=\"\" \/><\/p>\n<h4 class=\"titl-s\">Importaci\u00f3n de Equipo<\/h4>\n<p>Contamos con un \u00e1rea especializada para la importaci\u00f3n de equipo, maquinaria, veh\u00edculos, etc. con las mejores marcas a nivel global.[\/vc_column_text][\/vc_column_inner][\/vc_row_inner][vc_images_carousel images=&#8221;491,490,488,489,492,493&#8243; img_size=&#8221;375&#8243; onclick=&#8221;link_no&#8221; slides_per_view=&#8221;3&#8243; hide_pagination_control=&#8221;yes&#8221; wrap=&#8221;yes&#8221; el_class=&#8221;slide-empresa&#8221;][\/vc_column][vc_column width=&#8221;2\/3&#8243; offset=&#8221;vc_col-md-offset-1 vc_col-md-4 vc_col-sm-offset-2&#8243;][vc_row_inner el_class=&#8221;sidebox-empresas&#8221;][vc_column_inner][vc_column_text el_class=&#8221;border-aside side-empresas&#8221;]<strong>Corporativo GER<\/strong><\/p>\n<h3><strong>Nuestras<br \/>\nEmpresas<\/strong><\/h3>\n<p>[\/vc_column_text][vc_raw_html el_class=&#8221;icon-link joselyn&#8221;]JTNDYSUyMGNsYXNzJTNEJTIybG9nby1nZXIlMjIlMjBocmVmJTNEJTIyaHR0cHMlM0ElMkYlMkZjb3Jwb3JhdGl2b2dlci5jb20lMkYlMjIlM0UlM0MlMkZhJTNF[\/vc_raw_html][vc_raw_html el_class=&#8221;icon-link rcj&#8221;]JTNDYSUyMGNsYXNzJTNEJTIybG9nby10cGolMjIlMjBocmVmJTNEJTIyaHR0cHMlM0ElMkYlMkZjb3Jwb3JhdGl2b2dlci5jb20lMkZpbmRleC5waHAlMkZqb3NlbHluJTJGJTIyJTNFJTNDJTJGYSUzRQ==[\/vc_raw_html][vc_raw_html el_class=&#8221;icon-link alas&#8221;]JTNDYSUyMGNsYXNzJTNEJTIybG9nby1yY2olMjIlMjBocmVmJTNEJTIyaHR0cHMlM0ElMkYlMkZjb3Jwb3JhdGl2b2dlci5jb20lMkZpbmRleC5waHAlMkZyY2olMkYlMjIlM0UlM0MlMkZhJTNF[\/vc_raw_html][vc_raw_html el_class=&#8221;icon-link jcr&#8221;]JTNDYSUyMGNsYXNzJTNEJTIybG9nby1qY3IlMjIlMjBocmVmJTNEJTIyaHR0cHMlM0ElMkYlMkZjb3Jwb3JhdGl2b2dlci5jb20lMkYlMjIlM0UlM0MlMkZhJTNF[\/vc_raw_html][vc_raw_html el_class=&#8221;icon-link jcr active-bg&#8221;]JTNDYSUyMGNsYXNzJTNEJTIybG9nby01ayUyMiUyMGhyZWYlM0QlMjJodHRwcyUzQSUyRiUyRmNvcnBvcmF0aXZvZ2VyLmNvbSUyRmluZGV4LnBocCUyRmFsYXMtNWslMkYlMjIlM0UlM0MlMkZhJTNF[\/vc_raw_html][vc_raw_html el_class=&#8221;icon-link rodriguez&#8221;]JTNDYSUyMGNsYXNzJTNEJTIybG9nby1yb2QlMjIlMjBocmVmJTNEJTIyaHR0cHMlM0ElMkYlMkZjb3Jwb3JhdGl2b2dlci5jb20lMkYlMjIlM0UlM0MlMkZhJTNF[\/vc_raw_html][\/vc_column_inner][\/vc_row_inner][vc_column_text el_class=&#8221;txt-white&#8221; css=&#8221;.vc_custom_1606714716263{padding-top: 32px !important;padding-right: 20px !important;padding-bottom: 32px !important;padding-left: 20px !important;background-image: url(http:\/\/corporativoger.com\/\/wp-content\/uploads\/2020\/11\/bg-big_Index.jpg?id=38) !important;background-position: center !important;background-repeat: no-repeat !important;background-size: cover !important;}&#8221;]<\/p>\n<p class=\"small-white\">Archivos<\/p>\n<h3><strong>Descarga nuestro brochure<\/strong><\/h3>\n<p><a class=\"pdf-button\" href=\"#\">Brouchure 2020<\/a><br \/>\n<a class=\"pdf-button\" href=\"#\">Presentaci\u00f3n<\/a>[\/vc_column_text][vc_column_text el_class=&#8221;txt-white&#8221; css=&#8221;.vc_custom_1606716407778{padding-top: 32px !important;padding-right: 20px !important;padding-bottom: 32px !important;padding-left: 20px !important;background-image: url(http:\/\/corporativoger.com\/\/wp-content\/uploads\/2020\/11\/int-bg-header_Index.jpg?id=31) !important;background-position: center !important;background-repeat: no-repeat !important;background-size: cover !important;}&#8221;]<\/p>\n<p class=\"small-white\">Contacto<\/p>\n<h3><strong>Cont\u00e1ctanos para mayores informes<\/strong><\/h3>\n<p><a class=\"vc_general vc_btn3 vc_btn3-size-md vc_btn3-shape-rounded vc_btn3-style-modern vc_btn3-color-chino\" href=\"#\">Contacto<\/a>[\/vc_column_text][\/vc_column][\/vc_row]<\/p>\n","protected":false},"excerpt":{"rendered":"<p>[vc_row content_placement=&#8221;middle&#8221; el_class=&#8221;cover-interior&#8221; css=&#8221;.vc_custom_1616987292081{background-image: url(http:\/\/corporativoger.com\/wp-content\/uploads\/2025\/06\/aycr1.jpg) !important;background-position: center !important;background-repeat: no-repeat !important;background-size: cover !important;}&#8221;][vc_column][vc_column_text] Comercializadora AyCR [\/vc_column_text][\/vc_column][\/vc_row][vc_row el_class=&#8221;container&#8221;][vc_column offset=&#8221;vc_col-md-7&#8243;][vc_column_text]Comercializadora AyCR una empresa 100% juarense dedica a la renta y venta de productos 100% ecol\u00f3gicos con los mas altos est\u00e1ndares de calidad, contamos con una amplia experiencia en la renta de equipos industriales como montacargas, gruas de alto&nbsp; <a href=\"http:\/\/corporativoger.com\/index.php\/aycr\/\">&hellip; Read more <i class=\"glyphicon glyphicon-arrow-right\"><\/i><\/a><\/p>\n","protected":false},"author":4,"featured_media":0,"parent":0,"menu_order":0,"comment_status":"closed","ping_status":"closed","template":"page-full-width.php","meta":{"footnotes":""},"class_list":["post-481","page","type-page","status-publish","hentry"],"_links":{"self":[{"href":"http:\/\/corporativoger.com\/index.php\/wp-json\/wp\/v2\/pages\/481","targetHints":{"allow":["GET"]}}],"collection":[{"href":"http:\/\/corporativoger.com\/index.php\/wp-json\/wp\/v2\/pages"}],"about":[{"href":"http:\/\/corporativoger.com\/index.php\/wp-json\/wp\/v2\/types\/page"}],"author":[{"embeddable":true,"href":"http:\/\/corporativoger.com\/index.php\/wp-json\/wp\/v2\/users\/4"}],"replies":[{"embeddable":true,"href":"http:\/\/corporativoger.com\/index.php\/wp-json\/wp\/v2\/comments?post=481"}],"version-history":[{"count":14,"href":"http:\/\/corporativoger.com\/index.php\/wp-json\/wp\/v2\/pages\/481\/revisions"}],"predecessor-version":[{"id":502,"href":"http:\/\/corporativoger.com\/index.php\/wp-json\/wp\/v2\/pages\/481\/revisions\/502"}],"wp:attachment":[{"href":"http:\/\/corporativoger.com\/index.php\/wp-json\/wp\/v2\/media?parent=481"}],"curies":[{"name":"wp","href":"https:\/\/api.w.org\/{rel}","templated":true}]}}

<p>[vc_row content_placement=&#8221;middle&#8221; el_class=&#8221;cover-interior&#8221; css=&#8221;.vc_custom_1616987292081{background-image: url(http://corporativoger.com/wp-content/uploads/2025/06/aycr1.jpg) !important;background-position: center !important;background-repeat: no-repeat !important;background-size: cover !important;}&#8221;][vc_column][vc_column_text]</p>
<h1 style="text-align: center;"><strong>Comercializadora AyCR</strong></h1>
<p>[/vc_column_text][/vc_column][/vc_row][vc_row el_class=&#8221;container&#8221;][vc_column offset=&#8221;vc_col-md-7&#8243;][vc_column_text]Comercializadora AyCR una empresa 100% juarense dedica a la renta y venta de productos 100% ecológicos con los mas altos estándares de calidad, contamos con una amplia experiencia en la renta de equipos industriales como montacargas, gruas de alto tonelaje, tractocamiones, etc.</p>
<p>[/vc_column_text][vc_column_text css=&#8221;.vc_custom_1609737241446{padding-top: 45px !important;padding-bottom: 45px !important;background-image: url(http://corporativoger.com/wp-content/uploads/2025/06/aycr2.jpg) !important;background-position: center !important;background-repeat: no-repeat !important;background-size: cover !important;}&#8221;]<!-- Button trigger modal --><br />
<button class="btn" type="button" data-toggle="modal" data-target="#myModal"><br />
<img decoding="async" src="http://corporativoger.com//wp-content/uploads/2020/11/play_Index.png" /><br />
</button></p>
<p><!-- Modal --></p>
<div id="myModal" class="modal fade" tabindex="-1" role="dialog" aria-labelledby="myModalLabel">
<div class="modal-dialog" role="document">
<div class="modal-content">
<div class="modal-header">
<p><button class="close" type="button" data-dismiss="modal" aria-label="Close"><span aria-hidden="true">×</span></button></p>
<h4 id="myModalLabel" class="modal-title">Modal title</h4>
</div>
<div class="modal-body">video Próximamente</div>
</div>
</div>
</div>
<p>[/vc_column_text][vc_column_text]Dentro de nuestro catalogo de servicios también contamos con el reciclado de productos como lo es plástico y cartón, el cual se maneja de acuerdo a las disposiciones marcadas para las mismas, de igual manera la venta de cartón y papel tipo Kraft en sus diferentes presentación y gramajes es algo que caracteriza a nuestra compañía para darle los mejores productos a nuestros clientes de una forma seguro y justo a tiempo.<br />
[/vc_column_text][vc_row_inner el_class=&#8221;servicios-list&#8221;][vc_column_inner width=&#8221;1/2&#8243;][vc_column_text css=&#8221;.vc_custom_1613726244479{background-color: #f1f2f2 !important;}&#8221;]<img decoding="async" class="alignnone size-full wp-image-275" src="https://corporativoger.com/wp-content/uploads/2021/02/alas-01.png" alt="" /></p>
<h4 class="titl-s">Renta de Maquinaria</h4>
<p>Somos un empresa que contamos con diferente maquinaria para renta por hora o meses, adaptándonos a la necesidades de nuestros clientes.[/vc_column_text][/vc_column_inner][vc_column_inner width=&#8221;1/2&#8243;][vc_column_text css=&#8221;.vc_custom_1613726256809{background-color: #f1f2f2 !important;}&#8221;]<img decoding="async" class="alignnone size-full wp-image-275" src="https://corporativoger.com/wp-content/uploads/2021/02/alas-02.png" alt="" /></p>
<h4 class="titl-s">Reciclado</h4>
<p>Comprometidos con el medio ambiente trabajamos en reciclar cartón y plástico para disponer del material en el lugar correcto y con toda la seguridad necesaria.[/vc_column_text][/vc_column_inner][/vc_row_inner][vc_row_inner el_class=&#8221;servicios-list&#8221;][vc_column_inner width=&#8221;1/2&#8243;][vc_column_text css=&#8221;.vc_custom_1613726274598{background-color: #f1f2f2 !important;}&#8221;]<img decoding="async" class="alignnone size-full wp-image-275" src="https://corporativoger.com/wp-content/uploads/2021/02/alas-03.png" alt="" /></p>
<h4 class="titl-s">Comercializadora de Cartón</h4>
<p>La comercialización del cartón es algo que nuestra organización maneja con todos los estándares de calidad para que el producto con su espesor y grame sea siempre lo que el cliente necesite<br />
[/vc_column_text][/vc_column_inner][vc_column_inner width=&#8221;1/2&#8243;][vc_column_text css=&#8221;.vc_custom_1613726288583{background-color: #f1f2f2 !important;}&#8221;]<img decoding="async" class="alignnone size-full wp-image-275" src="https://corporativoger.com/wp-content/uploads/2021/02/alas-04.png" alt="" /></p>
<h4 class="titl-s">Importación de Equipo</h4>
<p>Contamos con un área especializada para la importación de equipo, maquinaria, vehículos, etc. con las mejores marcas a nivel global.[/vc_column_text][/vc_column_inner][/vc_row_inner][vc_images_carousel images=&#8221;491,490,488,489,492,493&#8243; img_size=&#8221;375&#8243; onclick=&#8221;link_no&#8221; slides_per_view=&#8221;3&#8243; hide_pagination_control=&#8221;yes&#8221; wrap=&#8221;yes&#8221; el_class=&#8221;slide-empresa&#8221;][/vc_column][vc_column width=&#8221;2/3&#8243; offset=&#8221;vc_col-md-offset-1 vc_col-md-4 vc_col-sm-offset-2&#8243;][vc_row_inner el_class=&#8221;sidebox-empresas&#8221;][vc_column_inner][vc_column_text el_class=&#8221;border-aside side-empresas&#8221;]<strong>Corporativo GER</strong></p>
<h3><strong>Nuestras<br />
Empresas</strong></h3>
<p>[/vc_column_text][vc_raw_html el_class=&#8221;icon-link joselyn&#8221;]JTNDYSUyMGNsYXNzJTNEJTIybG9nby1nZXIlMjIlMjBocmVmJTNEJTIyaHR0cHMlM0ElMkYlMkZjb3Jwb3JhdGl2b2dlci5jb20lMkYlMjIlM0UlM0MlMkZhJTNF[/vc_raw_html][vc_raw_html el_class=&#8221;icon-link rcj&#8221;]JTNDYSUyMGNsYXNzJTNEJTIybG9nby10cGolMjIlMjBocmVmJTNEJTIyaHR0cHMlM0ElMkYlMkZjb3Jwb3JhdGl2b2dlci5jb20lMkZpbmRleC5waHAlMkZqb3NlbHluJTJGJTIyJTNFJTNDJTJGYSUzRQ==[/vc_raw_html][vc_raw_html el_class=&#8221;icon-link alas&#8221;]JTNDYSUyMGNsYXNzJTNEJTIybG9nby1yY2olMjIlMjBocmVmJTNEJTIyaHR0cHMlM0ElMkYlMkZjb3Jwb3JhdGl2b2dlci5jb20lMkZpbmRleC5waHAlMkZyY2olMkYlMjIlM0UlM0MlMkZhJTNF[/vc_raw_html][vc_raw_html el_class=&#8221;icon-link jcr&#8221;]JTNDYSUyMGNsYXNzJTNEJTIybG9nby1qY3IlMjIlMjBocmVmJTNEJTIyaHR0cHMlM0ElMkYlMkZjb3Jwb3JhdGl2b2dlci5jb20lMkYlMjIlM0UlM0MlMkZhJTNF[/vc_raw_html][vc_raw_html el_class=&#8221;icon-link jcr active-bg&#8221;]JTNDYSUyMGNsYXNzJTNEJTIybG9nby01ayUyMiUyMGhyZWYlM0QlMjJodHRwcyUzQSUyRiUyRmNvcnBvcmF0aXZvZ2VyLmNvbSUyRmluZGV4LnBocCUyRmFsYXMtNWslMkYlMjIlM0UlM0MlMkZhJTNF[/vc_raw_html][vc_raw_html el_class=&#8221;icon-link rodriguez&#8221;]JTNDYSUyMGNsYXNzJTNEJTIybG9nby1yb2QlMjIlMjBocmVmJTNEJTIyaHR0cHMlM0ElMkYlMkZjb3Jwb3JhdGl2b2dlci5jb20lMkYlMjIlM0UlM0MlMkZhJTNF[/vc_raw_html][/vc_column_inner][/vc_row_inner][vc_column_text el_class=&#8221;txt-white&#8221; css=&#8221;.vc_custom_1606714716263{padding-top: 32px !important;padding-right: 20px !important;padding-bottom: 32px !important;padding-left: 20px !important;background-image: url(http://corporativoger.com//wp-content/uploads/2020/11/bg-big_Index.jpg?id=38) !important;background-position: center !important;background-repeat: no-repeat !important;background-size: cover !important;}&#8221;]</p>
<p class="small-white">Archivos</p>
<h3><strong>Descarga nuestro brochure</strong></h3>
<p><a class="pdf-button" href="#">Brouchure 2020</a><br />
<a class="pdf-button" href="#">Presentación</a>[/vc_column_text][vc_column_text el_class=&#8221;txt-white&#8221; css=&#8221;.vc_custom_1606716407778{padding-top: 32px !important;padding-right: 20px !important;padding-bottom: 32px !important;padding-left: 20px !important;background-image: url(http://corporativoger.com//wp-content/uploads/2020/11/int-bg-header_Index.jpg?id=31) !important;background-position: center !important;background-repeat: no-repeat !important;background-size: cover !important;}&#8221;]</p>
<p class="small-white">Contacto</p>
<h3><strong>Contáctanos para mayores informes</strong></h3>
<p><a class="vc_general vc_btn3 vc_btn3-size-md vc_btn3-shape-rounded vc_btn3-style-modern vc_btn3-color-chino" href="#">Contacto</a>[/vc_column_text][/vc_column][/vc_row]</p>

<p>[vc_row content_placement=&#8221;middle&#8221; el_class=&#8221;cover-interior&#8221; css=&#8221;.vc_custom_1616987292081{background-image: url(http://corporativoger.com/wp-content/uploads/2025/06/aycr1.jpg) !important;background-position: center !important;background-repeat: no-repeat !important;background-size: cover !important;}&#8221;][vc_column][vc_column_text] Comercializadora AyCR [/vc_column_text][/vc_column][/vc_row][vc_row el_class=&#8221;container&#8221;][vc_column offset=&#8221;vc_col-md-7&#8243;][vc_column_text]Comercializadora AyCR una empresa 100% juarense dedica a la renta y venta de productos 100% ecológicos con los mas altos estándares de calidad, contamos con una amplia experiencia en la renta de equipos industriales como montacargas, gruas de alto&nbsp; <a href="http://corporativoger.com/index.php/aycr/">&hellip; Read more <i class="glyphicon glyphicon-arrow-right"></i></a></p>
